-4 - -8) + -22 + 24
6
What is the value of 1 + 3 - (22 + -22) - (-2 - -6)?
0
Calculate -16 + -11 + 0 + -123 + 133.
-17
What is the value of (6 - -1) + (17 + -12 - 8)?
4
What is the value of -27 - -12 - -16 - -7?
8
What is the value of 10 - (-6 + 7 - -2 - -1 - 5)?
11
Calculate 3 + (-1 - -2) - (243 + -233).
-6
17 - (-7 + 20) - (-11 + 2)
13
What is the value of 41 - 38 - (0 - 9)?
12
What is the value of (1 - -3) + 134 + -152 + -12?
-26
What is the value of -43 + -17 + 34 + 28?
2
What is the value of (0 - (10 - -2)) + (442 - 436)?
-6
Calculate 15 + -49 - (-44 - -42).
-32
What is 4 + -3 + 1 - -6?
8
(1 + -2 + -1 - 1) + (-20 - -34)
11
Calculate 15 + -13 + (8 - (-4 - (0 - 6))).
8
Calculate 7 - (5 + -1 - (15 + -30 + 0)).
-12
Evaluate -45 - -87 - (8 + (7 - 2)).
29
Calculate -36 + 62 + (-4 - 1) + (21 - 18).
24
(18 - 2) + (-9 - -10) - (9 - 2)
10
Evaluate 38 + -54 + 19 + -11.
-8
Evaluate 3 + (-10 - -3 - (0 + 0)).
-4
Calculate 2 + (-6 - 2) - (-4 + 4 - -8).
-14
What is the value of -1 + 36 - (18 + -5 + 64 + -74)?
32
Calculate 34 - (6 + (35 - 23)).
16
7 + (-11 - -15 - (-12 + 6)) - 5
12
Calculate -54 + 19 + 36 - -36.
37
Evaluate (8 - 0) + (16 - (32 - 10)).
2
Calculate -1 + 14 + (96 - 88) - (-3 + 3).
21
34 - (79 + -8 - 35)
-2
Calculate 1 + 0 + -10 + 18 + -2.
7
What is the value of -10 - (6 + (5 - 9)) - 4?
-16
What is the value of 14 - (-4 + 20 - -16)?
-18
What is the value of -10 + -7 - (-7 - 16)?
6
What is the value of 172 + -173 + (0 - 1 - 7)?
-9
-8 + 12 - (11 - 11)
4
Calculate 21 - ((17 - 16) + 9).
11
Evaluate 8 + -2 + (272 - 274).
4
Evaluate 1 - (-12 + 6 - (-4 + (-4 - -1))).
0
What is the value of 25 - 39 - (3 + -1 + 9 + -2)?
-23
Calculate -25 + -5 + 7 + -3 - (143 + -146).
-23
0 + 5 + (-6 + 4 - -4)
7
What is -11 - (-16 - 2 - -16) - -20?
11
2 - -1 - (477 + -490)
16
-37 + 1 - (2270 + -2307)
1
-13 - (-2 + -3 + -1)
-7
What is 6 + -2 + 0 + (11 + -26 - -10)?
-1
What is -7 + 2 + (-14 - -15) - (3 - -1)?
-8
What is the value of (59 - 26) + -22 - (1 + (-5 - -4))?
11
Evaluate 5 - (14 + (-2 - 0)) - -3.
-4
28 - 52 - -26 - 6
-4
What is 3 + -11 + 47 + -39?
0
Evaluate (1 + 2 + 4 + -3 - 8) + -4.
-8
Evaluate -7 + 4 - -7 - (1 + 20).
-17
Evaluate (4 - (6 + -3) - 1) + -4.
-4
(-5 - -4) + -1 + 9 + (65 - 58)
14
What is -2 - 4 - (4 + -2 - -3 - 8)?
-3
Evaluate 10 - (20 + -51 - -22).
19
-831 - -792 - (1 - 29)
-11
(-2 - 4) + 13 + -11 + 0 + 0
-4
What is the value of -10 - (-7 - 0) - -24?
21
Calculate (-1243 - -1226) + (0 - -32).
15
Calculate (16 - (-1 + (-1 - -10))) + -7.
1
What is 11 - ((23 - 14) + 0)?
2
Evaluate (3 - (-4 + 0 + -2)) + -18.
-9
What is the value of -4 + 0 - (-5 - (14 + -12)) - 2?
1
What is the value of -10 - (4 + 10 + -29)?
5
What is -1590 + 1580 + 0 + -11 + 1?
-20
What is the value of 5 + (-6 - 1) + 2 + -6?
-6
What is the value of -3 + (3 - -2) - (-233 - -239)?
-4
Calculate -5 - -6 - (-118 - -147).
-28
Evaluate -34 + (-14 - -6 - (24 + -19) - -6).
-41
Evaluate 70 - 57 - (3 - -8).
2
What is the value of 14 - (-14 + 11 - -5)?
12
What is the value of -8 - -11 - (8 + 8 + (8 - 17))?
-4
What is the value of 97 + -128 + 52 + -1?
20
Evaluate 12 - (16 - 14) - (2 + -1 + -2).
11
Evaluate 10 + -15 + -24 + 7.
-22
What is the value of -1 - -13 - (13 - (23 + -13)) - 6?
3
What is the value of (0 + -3 - -3) + -2 + -9 + 22?
11
Evaluate (-37 - -37) + (9 - 8 - (-1 - 1)).
3
Calculate -10 + (0 - 1) - (-6 - (-6 - -6)).
-5
-4 + 7 - (6 - (15 + -3))
9
What is (2 - 10) + -3 + 4 - -10 - 3?
0
Calculate -15 + 2 + 1 + -24 + 11 + 17.
-8
Evaluate -30 - (-52 + 29 + -3).
-4
What is the value of -25 - -3 - (-6 - (1 - -6) - -3)?
-12
Calculate -4 + 2 + 8 + -4 + -2 + -17.
-17
What is the value of 19 + (15 + -34 - -17)?
17
What is the value of -3 - (-5 + -8 + 0)?
10
Calculate -15 + -11 + (42 - 15).
1
What is the value of 9 - (-1 + 4 - (-6 + (2 - -4)))?
6
What is the value of (-8 - 0) + -10 + 75 + -93?
-36
Evaluate (-1 - -36) + -20 + -5.
10
What is 1 + 2 + (-1 - (-2 + 1)) - 16?
-13
Calculate (14 - 7) + -5 + 0 - -6.
8
What is 12 - (54 - 27) - -18?
3
Evaluate -20 + -43 + 34 - -25.
-4
What is the value of -1 + 2 - (-1 + 1 - (-95 + 87))?
-7
4 + -34 + 21 - 10
-19
What is 1 + -13 + (141 - 145)?
-16
What is -6 - (-10 + (9 - -1 - 7) + 3)?
-2
53 + -18 + 3 + -3
35
What is 0 + -8 - ((1 - -3) + -61 + 68)?
-19
What is the value of 4 + 6 + -7 + -3 - (3 - 16)?
13
What is 24 - (-2 - -28) - (1 + 0)?
-3
Calculate -21 + 20 + (-19 - 3).
-23
What is the value of 4 - (-6 + 22 - 12 - (-2 + 3))?
1
Calculate -1350 + 1364 + (0 + -1 - -10).
23
What is 2 + (-4 + 10 + -6 - 0) + -13?
-11
Calculate 23 - (21 + (-11 - -26)).
-13
Evaluate -1 + -12 + 0 + 63 + -61 + -6.
-17
Evaluate (15 - 12 - -36) + -1.
38
Calculate (-9 - (2 + 0) - -12) + -1.
0
What is 23 - 2 - (3 - 8 - -14)?
12
What is the value of (0 + -27 - (222 - 239)) + (-5 - 0)?
-15
-9 - (-5 - (-22 + 15))
-11
What is the value of 15 + (6 - (-5 - 4 - -12))?
18
Evaluate -23 - (-14 - 22) - -13.
26
Calculate -1 + (33 - 17) + -41.
-26
(19 - (-1 - -3)) + -10
7
Evaluate 85 + -73 + (-2 - -2) + -2.
10
What is the value of (-364 - -355) + (-10 + 2 - -2)?
-15
Calculate -5 + 0 + 5 - (-10 - -16) - 7.
-13
Evaluate -22 + 39 - (-3 + 5).
15
179 + -181 + (-1 - (5 - 2))
-6
What is the value of (43 + -48 - -5) + (1 - 15)?
-14
What is the value of 42 + -49 + 1 + -3 + -1 + -14?
-24
Evaluate (20 - 12) + 15 - 11 - -4.
16
Calculate 7 + -9 + (8 - (1 - -5)).
0
Evaluate -9 + (9 - 4 - -12).
8
Calculate -27 + 37 - (-1 - -8).
3
Evaluate (10 - (3 + 8)) + 4.
3
What is 70 + -50 - (36 + -1)?
-15
What is 12 + 2 + (28 + -27 - (-1 - -2))?
14
What is (-35 + 31 + -3 + 1 - -3) + 16?
13
Evaluate (-10 - -15) + (-2 + -8 - -7).
2
What is -8 + 10 + -9 - (0 + -7)?
0
What is the value of (-2 - 4) + -78 + 80 - (1 - -11)?
-16
What is the value of ((-6 - -3) + -6 - -5) + -8?
-12
Evaluate 1 + 4 + (6 - (20 - 12)).
3
What is the value of -4 + 5 - (35 - 35)?
1
What is -665 + 647 + 1 + 8?
-9
Evaluate 0 + -2 + 380 + -397.
-19
(-1 - -6 - 0) + (-58 + 16 - -29)
-8
Evaluate 2 + -1 - (6 - 9).
4
What is 8 + -2 - (2 + 8 - 11)?
7
Calculate 16 + -1 - (1 - (-9 + 27)).
32
Evaluate (66 - (-40 + 76)) + -33.
-3
Calculate 1 + 14 + 1 + -30.
-14
What is the value of -19 + (-7 - -14) + 0?
-12
Calculate -21 - (4 + -7) - -10 - (2 + 15).
-25
What is 0 + -4 + -29 + 47?
14
What is 0 - 2 - (-4 - (16 - 30) - 5)?
-7
-11 + (-24 - (9 - 31))
-13
Calculate -19 + 0 + (-15 - -33).
-1
What is (-18 - (-16 + (-3 - -15))) + -21?
-35
What is 143 - 129 - (3 + -3)?
14
What is the value of -41 + 28 - (-17 + -5 + 8)?
1
What is 17 - (35 - 16 - 0) - 35?
-37
Calculate -2 + (1 - 8) + 12.
3
(-13 + 19 - 27) + 10
-11
Calculate (7 - 3) + -21 + 13.
-4
What is (-1754 - -1749) + (-1 - -18 - 1) + -4?
7
Evaluate 3 + 0 + (2 - (16 + -1)).
-10
Evaluate 17 - ((-35 - -69) + 15).
-32
Calculate 16 + (23 - 24 - 10).
5
What is 1 - -12 - (14 + (-12 - -1)) - 4?
6
-20 - (16 + -52) - (1 + 4)
11
11 - (1 + -5 + (5 - -2) - 2)
10
What is the value of 0 - (6 + (-2 - 19))?
15
3 - 2 - (2 + 5)
-6
0 + (0 - -6) - (-38 - 0 - -45)
-1
-7 - (8 + (-1 - 30 - -6))
10
Evaluate 6 + (8 - (6 - (5 - (-3 + 16)))).
0
Calculate -9 - ((-77 - -78) + -9 + 1) - -4.
2
What is 18 + -36 + (-12 - -23)?
-7
What is the value of -7 - (6 + (-5 - (2 + 2 - 1)))?
-5
Evaluate -9 + 0 - (-13 + -9 + 33).
-20
Calculate -30 + (22 - 22) + 48.
18
Evaluate -5 + 9 + (-5 - (4 + -6 + 4)).
-3
Evaluate (-4 - ((3 - -13) + -28)) + -4.
4
What is the value of -1 + 3 - (1 + -17) - (199 + -203)?
22
What is the value of (11 - 27 - -2) + (1 + -1 - 4)?
-18
-1 + -1 + (0 - -1) + -1 - -2
0
Calculate (-22 - 0) + 24 - 10.
-8
What is the value of -15 + (31 - -6) + 3?
25
What is the value of (-9 - -1) + (22 - 21) - -31 - 10?
14
Evaluate 18 + (-4 - 11) + 2.
5
Evaluate -42 + (16 - 3) - -18.
-11
Evaluate 11 - (-14 + (-12 - -26)).
11
What is (-24 - (-20 + -4)) + -10?
-10
24 + 17 + -29 - 6
6
What is the value of -8 + (2 - 10) + (-18 - -26)?
-8
2 + -4 + (11 - -2 - 27)
-16
Calculate -64 + (-4 - -22) - (1 - (6 + 3)).
-38
-10 - -1 - (-2 + 14 + -5)
-16
What is -8 - -2 - (8 + -6 + -5 + 2)?
-5
Calculate -20 + 17 - (1 + -17 - -2).
11
What is -2 + (-10 + 10 + -9 - -8)?
-3
What is -13 + 29 + -21 + 12?
7
Calculate -9 - (-14 - (-7 + -9)).
-11
What is the value of -28 - (-12 - 19 - -12)?
-9
Calculate (18 + -2 - 24) + 32 + -7.
17
Calculate -13 + (1 - (-4 + 6)) - 0 - -6.
-8
14 + (13 - 11) + -4